{"id":679,"date":"2025-05-13T14:51:19","date_gmt":"2025-05-13T14:51:19","guid":{"rendered":"https:\/\/abriendoconciencias.com\/tienda\/?post_type=product&#038;p=679"},"modified":"2025-05-13T14:52:13","modified_gmt":"2025-05-13T14:52:13","slug":"mms-cds-dioxido-de-cloro-120-ml","status":"publish","type":"product","link":"https:\/\/abriendoconciencias.com\/tienda\/es\/product\/mms-cds-dioxido-de-cloro-120-ml\/","title":{"rendered":"MMS CDS Dioxido de cloro 120 ml"},"content":{"rendered":"<p>&nbsp;<\/p>\n<p>&nbsp;<\/p>\n<div style=\"width: 640px;\" class=\"wp-video\"><!--[if lt IE 9]><script>document.createElement('video');<\/script><![endif]-->\n<video class=\"wp-video-shortcode\" id=\"video-679-1\" width=\"640\" height=\"352\" preload=\"metadata\" controls=\"controls\"><source type=\"video\/mp4\" src=\"https:\/\/abriendoconciencias.com\/tienda\/wp-content\/uploads\/2021\/11\/Dr-Ricardo-Soto-MMS-dioxido-de-cloro-en-Tv-Chilena.mp4?_=1\" \/><a href=\"https:\/\/abriendoconciencias.com\/tienda\/wp-content\/uploads\/2021\/11\/Dr-Ricardo-Soto-MMS-dioxido-de-cloro-en-Tv-Chilena.mp4\">https:\/\/abriendoconciencias.com\/tienda\/wp-content\/uploads\/2021\/11\/Dr-Ricardo-Soto-MMS-dioxido-de-cloro-en-Tv-Chilena.mp4<\/a><\/video><\/div>\n<p><strong>El MMS CDS o Di\u00f3xido de cloro<\/strong>, conocido mundialmente como\u00a0<strong>soluci\u00f3n mineral maestra o simplemente di\u00f3xido de cloro, elimina virus, bacterias, hongos y\u00a0<\/strong><span style=\"font-size: 14.4px;\"><b>pat\u00f3genos<\/b><\/span>, anitumoral por su base en ox\u00edgeno y cloruro compuesto el cual se prescribe en hospitales de \u00c1frica, Suiza o Jap\u00f3n y otras localidades.<\/p>\n<p><img decoding=\"async\" loading=\"lazy\" class=\"alignnone wp-image-644\" src=\"https:\/\/abriendoconciencias.com\/tienda\/wp-content\/uploads\/2021\/11\/mmscdsantidotouniversal-303x400.jpg\" alt=\"\" width=\"387\" height=\"511\" srcset=\"https:\/\/abriendoconciencias.com\/tienda\/wp-content\/uploads\/2021\/11\/mmscdsantidotouniversal-303x400.jpg 303w, https:\/\/abriendoconciencias.com\/tienda\/wp-content\/uploads\/2021\/11\/mmscdsantidotouniversal-605x800.jpg 605w, https:\/\/abriendoconciencias.com\/tienda\/wp-content\/uploads\/2021\/11\/mmscdsantidotouniversal-510x674.jpg 510w, https:\/\/abriendoconciencias.com\/tienda\/wp-content\/uploads\/2021\/11\/mmscdsantidotouniversal.jpg 618w\" sizes=\"(max-width: 387px) 100vw, 387px\" \/><\/p>\n<p>&nbsp;<\/p>\n<p>El aliado de\u00a0 la salud que uso Bolivia para sortear la pandemia y no inocular a su poblaci\u00f3n teniendo excelentes resultados e todo el pa\u00eds de Bolivia el cual, sus ciudadanos no sufren los efectos adversos de las inoculaciones covid, el ej\u00e9rcito boliviano con sus qu\u00edmicos farmac\u00e9uticos desarrollo el di\u00f3xido de cloro junto alas municipalidades y universidades en Bolivia impulsaron el desarrollo del di\u00f3xido de cloro ayudando a todo el pa\u00eds, concluyendo en una Ley que as\u00ed avala la eficiencia del Di\u00f3xido de cloro para enfermedades respiratorias.<\/p>\n<p><img decoding=\"async\" loading=\"lazy\" class=\"alignnone size-medium wp-image-661\" src=\"https:\/\/abriendoconciencias.com\/tienda\/wp-content\/uploads\/2021\/11\/leyBoliviaFoto-2-572x400.jpg\" alt=\"Ley dioxido de cloro Bolviia\" width=\"572\" height=\"400\" srcset=\"https:\/\/abriendoconciencias.com\/tienda\/wp-content\/uploads\/2021\/11\/leyBoliviaFoto-2-572x400.jpg 572w, https:\/\/abriendoconciencias.com\/tienda\/wp-content\/uploads\/2021\/11\/leyBoliviaFoto-2-768x537.jpg 768w, https:\/\/abriendoconciencias.com\/tienda\/wp-content\/uploads\/2021\/11\/leyBoliviaFoto-2-510x357.jpg 510w, https:\/\/abriendoconciencias.com\/tienda\/wp-content\/uploads\/2021\/11\/leyBoliviaFoto-2.jpg 925w\" sizes=\"(max-width: 572px) 100vw, 572px\" \/><\/p>\n<div style=\"width: 1020px;\" class=\"wp-video\"><video class=\"wp-video-shortcode\" id=\"video-679-2\" width=\"1020\" height=\"574\" preload=\"metadata\" controls=\"controls\"><source type=\"video\/mp4\" src=\"https:\/\/abriendoconciencias.com\/tienda\/wp-content\/uploads\/2021\/11\/10000000_711902929461754_5998746470765718343_n.mp4?_=2\" \/><a href=\"https:\/\/abriendoconciencias.com\/tienda\/wp-content\/uploads\/2021\/11\/10000000_711902929461754_5998746470765718343_n.mp4\">https:\/\/abriendoconciencias.com\/tienda\/wp-content\/uploads\/2021\/11\/10000000_711902929461754_5998746470765718343_n.mp4<\/a><\/video><\/div>\n<p>Link Ley completa: <a href=\"https:\/\/www.humanosporlaverdad.com\/recursos\/descargas\/BOLIVIALEYdioxidodecloro14082020.pdf\">https:\/\/www.humanosporlaverdad.com\/recursos\/descargas\/BOLIVIALEYdioxidodecloro14082020.pdf<\/a><\/p>\n<p>PATENTE #<strong>\u00a0EP1955719B1<br \/>\n<\/strong><br \/>\nPatente de Taiko para eliminar Corona Virus con ClO2<\/p>\n<p>Este procedimiento patentado por\u00a0<strong>Taiko Pharmaceutical<\/strong>\u00a0sirve para eliminar el corona virus y otros como SARS, gripa aviar, influenza, gripe porcina, y a su vez tambi\u00e9n sirve para curar infecciones por corona virus, adem\u00e1s de eliminar virus de ambientes hospitalarios o de recintos con mucha concurrencia de personas mediante el\u00a0<strong>Di\u00f3xido de Cloro.\u00a0<\/strong>Todo esto es aplicable para humanos tambi\u00e9n y de una forma no t\u00f3xica, el n\u00famero de la patente es EP1955719B1<\/p>\n<p><strong>Link de la Patente:<br \/>\n<\/strong><a href=\"https:\/\/patents.google.com\/patent\/EP1955719B1\/en\">https:\/\/patents.google.com\/patent\/EP1955719B1\/en<\/a><\/p>\n<p>&nbsp;<\/p>\n<div style=\"width: 640px;\" class=\"wp-video\"><video class=\"wp-video-shortcode\" id=\"video-679-3\" width=\"640\" height=\"352\" preload=\"metadata\" controls=\"controls\"><source type=\"video\/mp4\" src=\"https:\/\/abriendoconciencias.com\/tienda\/wp-content\/uploads\/2021\/11\/Resumenclo2.mp4?_=3\" \/><a href=\"https:\/\/abriendoconciencias.com\/tienda\/wp-content\/uploads\/2021\/11\/Resumenclo2.mp4\">https:\/\/abriendoconciencias.com\/tienda\/wp-content\/uploads\/2021\/11\/Resumenclo2.mp4<\/a><\/video><\/div>\n<p>&nbsp;<\/p>\n<div style=\"width: 320px;\" class=\"wp-video\"><video class=\"wp-video-shortcode\" id=\"video-679-4\" width=\"320\" height=\"240\" preload=\"metadata\" controls=\"controls\"><source type=\"video\/mp4\" src=\"https:\/\/abriendoconciencias.com\/tienda\/wp-content\/uploads\/2021\/11\/ComusavBoliviaCallispieri12032021.mp4?_=4\" \/><a href=\"https:\/\/abriendoconciencias.com\/tienda\/wp-content\/uploads\/2021\/11\/ComusavBoliviaCallispieri12032021.mp4\">https:\/\/abriendoconciencias.com\/tienda\/wp-content\/uploads\/2021\/11\/ComusavBoliviaCallispieri12032021.mp4<\/a><\/video><\/div>\n<p>&nbsp;<\/p>\n<div style=\"width: 854px;\" class=\"wp-video\"><video class=\"wp-video-shortcode\" id=\"video-679-5\" width=\"854\" height=\"480\" preload=\"metadata\" controls=\"controls\"><source type=\"video\/mp4\" src=\"https:\/\/abriendoconciencias.com\/tienda\/wp-content\/uploads\/2021\/11\/2583496153-1.mp4?_=5\" \/><a href=\"https:\/\/abriendoconciencias.com\/tienda\/wp-content\/uploads\/2021\/11\/2583496153-1.mp4\">https:\/\/abriendoconciencias.com\/tienda\/wp-content\/uploads\/2021\/11\/2583496153-1.mp4<\/a><\/video><\/div>\n<p>Puede ver testimonios de diferentes enfermedades en:<\/p>\n<p><a href=\"https:\/\/www.abriendoconciencias.com\/2021\/dioxido-de-cloro\/testimonios-dioxido-de-cloro-clo2-mms-cds\">https:\/\/www.abriendoconciencias.com\/2021\/dioxido-de-cloro\/testimonios-dioxido-de-cloro-clo2-mms-cds<\/a><\/p>\n<p><a href=\"https:\/\/www.abriendoconciencias.com\/2021\/dioxido-de-cloro\/testimonios-dioxido-de-cloro-clo2-mms-cds\"><img decoding=\"async\" loading=\"lazy\" class=\"size-medium wp-image-655 alignleft\" src=\"https:\/\/abriendoconciencias.com\/tienda\/wp-content\/uploads\/2021\/11\/TestimoniosMMS-800x276.jpg\" alt=\"\" width=\"800\" height=\"276\" srcset=\"https:\/\/abriendoconciencias.com\/tienda\/wp-content\/uploads\/2021\/11\/TestimoniosMMS-800x276.jpg 800w, https:\/\/abriendoconciencias.com\/tienda\/wp-content\/uploads\/2021\/11\/TestimoniosMMS-1400x484.jpg 1400w, https:\/\/abriendoconciencias.com\/tienda\/wp-content\/uploads\/2021\/11\/TestimoniosMMS-768x265.jpg 768w, https:\/\/abriendoconciencias.com\/tienda\/wp-content\/uploads\/2021\/11\/TestimoniosMMS-1536x531.jpg 1536w, https:\/\/abriendoconciencias.com\/tienda\/wp-content\/uploads\/2021\/11\/TestimoniosMMS-510x176.jpg 510w, https:\/\/abriendoconciencias.com\/tienda\/wp-content\/uploads\/2021\/11\/TestimoniosMMS.jpg 1858w\" sizes=\"(max-width: 800px) 100vw, 800px\" \/><\/a><\/p>\n<p>&nbsp;<\/p>\n<p>&nbsp;<\/p>\n","protected":false},"excerpt":{"rendered":"<p><strong>El MMS CDS o Di\u00f3xido de cloro<\/strong>, conocido mundialmente como\u00a0<strong>soluci\u00f3n mineral maestra o simplemente di\u00f3xido de cloro, elimina virus, bacterias, hongos y\u00a0<\/strong><span style=\"font-size: 14.4px;\"><b>pat\u00f3genos<\/b><\/span>, anitumoral por su base en ox\u00edgeno y cloruro compuesto el cual se prescribe en hospitales de \u00c1frica, Suiza o Jap\u00f3n y otras localidades.<\/p>\n","protected":false},"featured_media":494,"comment_status":"open","ping_status":"closed","template":"","meta":{"_monsterinsights_skip_tracking":false,"_monsterinsights_sitenote_active":false,"_monsterinsights_sitenote_note":"","_monsterinsights_sitenote_category":0},"yoast_head":"<!-- This site is optimized with the Yoast SEO plugin v20.8 - https:\/\/yoast.com\/wordpress\/plugins\/seo\/ -->\n<title>MMS CDS Dioxido de cloro 120 ml - Tienda Abriendoconciencias.com<\/title>\n<meta name=\"robots\" content=\"index, follow, max-snippet:-1, max-image-preview:large, max-video-preview:-1\" \/>\n<link rel=\"canonical\" href=\"https:\/\/abriendoconciencias.com\/tienda\/product\/mms-cds-dioxido-de-cloro-120-ml\/\" \/>\n<meta property=\"og:locale\" content=\"en_US\" \/>\n<meta property=\"og:type\" content=\"article\" \/>\n<meta property=\"og:title\" content=\"MMS CDS Dioxido de cloro 120 ml - Tienda Abriendoconciencias.com\" \/>\n<meta property=\"og:description\" content=\"El MMS CDS o Di\u00f3xido de cloro, conocido mundialmente como\u00a0soluci\u00f3n mineral maestra o simplemente di\u00f3xido de cloro, elimina virus, bacterias, hongos y\u00a0pat\u00f3genos, anitumoral por su base en ox\u00edgeno y cloruro compuesto el cual se prescribe en hospitales de \u00c1frica, Suiza o Jap\u00f3n y otras localidades.\" \/>\n<meta property=\"og:url\" content=\"https:\/\/abriendoconciencias.com\/tienda\/es\/product\/mms-cds-dioxido-de-cloro-120-ml\/\" \/>\n<meta property=\"og:site_name\" content=\"Tienda Abriendoconciencias.com\" \/>\n<meta property=\"article:publisher\" content=\"https:\/\/www.facebook.com\/abriendoconcienciascom\" \/>\n<meta property=\"article:modified_time\" content=\"2025-05-13T14:52:13+00:00\" \/>\n<meta property=\"og:image\" content=\"https:\/\/abriendoconciencias.com\/tienda\/wp-content\/uploads\/2021\/11\/mms.jpg\" \/>\n\t<meta property=\"og:image:width\" content=\"758\" \/>\n\t<meta property=\"og:image:height\" content=\"758\" \/>\n\t<meta property=\"og:image:type\" content=\"image\/jpeg\" \/>\n<meta name=\"twitter:card\" content=\"summary_large_image\" \/>\n<meta name=\"twitter:label1\" content=\"Est. reading time\" \/>\n\t<meta name=\"twitter:data1\" content=\"2 minutes\" \/>\n<script type=\"application\/ld+json\" class=\"yoast-schema-graph\">{\"@context\":\"https:\/\/schema.org\",\"@graph\":[{\"@type\":\"WebPage\",\"@id\":\"https:\/\/abriendoconciencias.com\/tienda\/es\/product\/mms-cds-dioxido-de-cloro-120-ml\/\",\"url\":\"https:\/\/abriendoconciencias.com\/tienda\/es\/product\/mms-cds-dioxido-de-cloro-120-ml\/\",\"name\":\"MMS CDS Dioxido de cloro 120 ml - Tienda Abriendoconciencias.com\",\"isPartOf\":{\"@id\":\"https:\/\/abriendoconciencias.com\/tienda\/es\/#website\"},\"datePublished\":\"2025-05-13T14:51:19+00:00\",\"dateModified\":\"2025-05-13T14:52:13+00:00\",\"breadcrumb\":{\"@id\":\"https:\/\/abriendoconciencias.com\/tienda\/es\/product\/mms-cds-dioxido-de-cloro-120-ml\/#breadcrumb\"},\"inLanguage\":\"en-US\",\"potentialAction\":[{\"@type\":\"ReadAction\",\"target\":[\"https:\/\/abriendoconciencias.com\/tienda\/es\/product\/mms-cds-dioxido-de-cloro-120-ml\/\"]}]},{\"@type\":\"BreadcrumbList\",\"@id\":\"https:\/\/abriendoconciencias.com\/tienda\/es\/product\/mms-cds-dioxido-de-cloro-120-ml\/#breadcrumb\",\"itemListElement\":[{\"@type\":\"ListItem\",\"position\":1,\"name\":\"Home\",\"item\":\"https:\/\/abriendoconciencias.com\/tienda\/es\/\"},{\"@type\":\"ListItem\",\"position\":2,\"name\":\"Shop\",\"item\":\"https:\/\/abriendoconciencias.com\/tienda\/shop\/\"},{\"@type\":\"ListItem\",\"position\":3,\"name\":\"MMS CDS Dioxido de cloro 120 ml\"}]},{\"@type\":\"WebSite\",\"@id\":\"https:\/\/abriendoconciencias.com\/tienda\/es\/#website\",\"url\":\"https:\/\/abriendoconciencias.com\/tienda\/es\/\",\"name\":\"Tienda Abriendoconciencias.com\",\"description\":\"\",\"publisher\":{\"@id\":\"https:\/\/abriendoconciencias.com\/tienda\/es\/#organization\"},\"potentialAction\":[{\"@type\":\"SearchAction\",\"target\":{\"@type\":\"EntryPoint\",\"urlTemplate\":\"https:\/\/abriendoconciencias.com\/tienda\/es\/?s={search_term_string}\"},\"query-input\":\"required name=search_term_string\"}],\"inLanguage\":\"en-US\"},{\"@type\":\"Organization\",\"@id\":\"https:\/\/abriendoconciencias.com\/tienda\/es\/#organization\",\"name\":\"Portal AbriendoConciencias.com\",\"url\":\"https:\/\/abriendoconciencias.com\/tienda\/es\/\",\"logo\":{\"@type\":\"ImageObject\",\"inLanguage\":\"en-US\",\"@id\":\"https:\/\/abriendoconciencias.com\/tienda\/es\/#\/schema\/logo\/image\/\",\"url\":\"https:\/\/abriendoconciencias.com\/tienda\/wp-content\/uploads\/2021\/11\/logoflow.jpg\",\"contentUrl\":\"https:\/\/abriendoconciencias.com\/tienda\/wp-content\/uploads\/2021\/11\/logoflow.jpg\",\"width\":1800,\"height\":900,\"caption\":\"Portal AbriendoConciencias.com\"},\"image\":{\"@id\":\"https:\/\/abriendoconciencias.com\/tienda\/es\/#\/schema\/logo\/image\/\"},\"sameAs\":[\"https:\/\/www.facebook.com\/abriendoconcienciascom\",\"https:\/\/www.instagram.com\/abriendoconcienciascl\/\"]}]}<\/script>\n<!-- \/ Yoast SEO plugin. -->","yoast_head_json":{"title":"MMS CDS Dioxido de cloro 120 ml - Tienda Abriendoconciencias.com","robots":{"index":"index","follow":"follow","max-snippet":"max-snippet:-1","max-image-preview":"max-image-preview:large","max-video-preview":"max-video-preview:-1"},"canonical":"https:\/\/abriendoconciencias.com\/tienda\/product\/mms-cds-dioxido-de-cloro-120-ml\/","og_locale":"en_US","og_type":"article","og_title":"MMS CDS Dioxido de cloro 120 ml - Tienda Abriendoconciencias.com","og_description":"El MMS CDS o Di\u00f3xido de cloro, conocido mundialmente como\u00a0soluci\u00f3n mineral maestra o simplemente di\u00f3xido de cloro, elimina virus, bacterias, hongos y\u00a0pat\u00f3genos, anitumoral por su base en ox\u00edgeno y cloruro compuesto el cual se prescribe en hospitales de \u00c1frica, Suiza o Jap\u00f3n y otras localidades.","og_url":"https:\/\/abriendoconciencias.com\/tienda\/es\/product\/mms-cds-dioxido-de-cloro-120-ml\/","og_site_name":"Tienda Abriendoconciencias.com","article_publisher":"https:\/\/www.facebook.com\/abriendoconcienciascom","article_modified_time":"2025-05-13T14:52:13+00:00","og_image":[{"width":758,"height":758,"url":"https:\/\/abriendoconciencias.com\/tienda\/wp-content\/uploads\/2021\/11\/mms.jpg","type":"image\/jpeg"}],"twitter_card":"summary_large_image","twitter_misc":{"Est. reading time":"2 minutes"},"schema":{"@context":"https:\/\/schema.org","@graph":[{"@type":"WebPage","@id":"https:\/\/abriendoconciencias.com\/tienda\/es\/product\/mms-cds-dioxido-de-cloro-120-ml\/","url":"https:\/\/abriendoconciencias.com\/tienda\/es\/product\/mms-cds-dioxido-de-cloro-120-ml\/","name":"MMS CDS Dioxido de cloro 120 ml - Tienda Abriendoconciencias.com","isPartOf":{"@id":"https:\/\/abriendoconciencias.com\/tienda\/es\/#website"},"datePublished":"2025-05-13T14:51:19+00:00","dateModified":"2025-05-13T14:52:13+00:00","breadcrumb":{"@id":"https:\/\/abriendoconciencias.com\/tienda\/es\/product\/mms-cds-dioxido-de-cloro-120-ml\/#breadcrumb"},"inLanguage":"en-US","potentialAction":[{"@type":"ReadAction","target":["https:\/\/abriendoconciencias.com\/tienda\/es\/product\/mms-cds-dioxido-de-cloro-120-ml\/"]}]},{"@type":"BreadcrumbList","@id":"https:\/\/abriendoconciencias.com\/tienda\/es\/product\/mms-cds-dioxido-de-cloro-120-ml\/#breadcrumb","itemListElement":[{"@type":"ListItem","position":1,"name":"Home","item":"https:\/\/abriendoconciencias.com\/tienda\/es\/"},{"@type":"ListItem","position":2,"name":"Shop","item":"https:\/\/abriendoconciencias.com\/tienda\/shop\/"},{"@type":"ListItem","position":3,"name":"MMS CDS Dioxido de cloro 120 ml"}]},{"@type":"WebSite","@id":"https:\/\/abriendoconciencias.com\/tienda\/es\/#website","url":"https:\/\/abriendoconciencias.com\/tienda\/es\/","name":"Tienda Abriendoconciencias.com","description":"","publisher":{"@id":"https:\/\/abriendoconciencias.com\/tienda\/es\/#organization"},"potentialAction":[{"@type":"SearchAction","target":{"@type":"EntryPoint","urlTemplate":"https:\/\/abriendoconciencias.com\/tienda\/es\/?s={search_term_string}"},"query-input":"required name=search_term_string"}],"inLanguage":"en-US"},{"@type":"Organization","@id":"https:\/\/abriendoconciencias.com\/tienda\/es\/#organization","name":"Portal AbriendoConciencias.com","url":"https:\/\/abriendoconciencias.com\/tienda\/es\/","logo":{"@type":"ImageObject","inLanguage":"en-US","@id":"https:\/\/abriendoconciencias.com\/tienda\/es\/#\/schema\/logo\/image\/","url":"https:\/\/abriendoconciencias.com\/tienda\/wp-content\/uploads\/2021\/11\/logoflow.jpg","contentUrl":"https:\/\/abriendoconciencias.com\/tienda\/wp-content\/uploads\/2021\/11\/logoflow.jpg","width":1800,"height":900,"caption":"Portal AbriendoConciencias.com"},"image":{"@id":"https:\/\/abriendoconciencias.com\/tienda\/es\/#\/schema\/logo\/image\/"},"sameAs":["https:\/\/www.facebook.com\/abriendoconcienciascom","https:\/\/www.instagram.com\/abriendoconcienciascl\/"]}]}},"_links":{"self":[{"href":"https:\/\/abriendoconciencias.com\/tienda\/wp-json\/wp\/v2\/product\/679"}],"collection":[{"href":"https:\/\/abriendoconciencias.com\/tienda\/wp-json\/wp\/v2\/product"}],"about":[{"href":"https:\/\/abriendoconciencias.com\/tienda\/wp-json\/wp\/v2\/types\/product"}],"replies":[{"embeddable":true,"href":"https:\/\/abriendoconciencias.com\/tienda\/wp-json\/wp\/v2\/comments?post=679"}],"wp:featuredmedia":[{"embeddable":true,"href":"https:\/\/abriendoconciencias.com\/tienda\/wp-json\/wp\/v2\/media\/494"}],"wp:attachment":[{"href":"https:\/\/abriendoconciencias.com\/tienda\/wp-json\/wp\/v2\/media?parent=679"}],"curies":[{"name":"wp","href":"https:\/\/api.w.org\/{rel}","templated":true}]}}